 a composite number?
False
Let x be (-1)/(1 - (-88)/(-80)). Suppose -h + 3742 = f, -2*h + 7*f = x*f - 7487. Is h a composite number?
False
Let p = -23 + 29. Suppose 5 = 5*c + 3*g, -p*c - 33 = -2*c - 5*g. Is ((-2)/(-4))/(c/(-4196)) + 0 prime?
True
Let x = -775 + 2993. Let f = x - 1247. Is f composite?
False
Let b be ((-8434)/(-10))/(0 + 1/5). Let a = 5910 - b. Is a prime?
True
Let l(p) = -2*p**2 - 18*p + 13. Let x be l(-10). Let v(n) be the second derivative of 5*n**4/12 + n**3/6 + 11*n**2/2 + n. Is v(x) a prime number?
False
Suppose 3870522 = -64*b - 14*b + 28560720. Is b prime?
False
Suppose 0 = -4*p - 4*b + 40, -6*b = p - 2*b - 16. Suppose -2*k + p*k - 9522 = 0. Let w = 2842 - k. Is w prime?
False
Let p = 23971 + 2037. Suppose -9*l = -p - 461. Is l composite?
True
Let s(k) = 20*k + 31. Let h be s(7). Suppose -3*w + y = -0*y, -w = 2*y. Suppose n - 3*n + 167 = -c, w = 2*n - 5*c - h. Is n a prime number?
True
Let y(w) = 67*w**2 - 4*w + 1779. Is y(80) composite?
False
Let h be 0*(5 + -12 + 6). Suppose c = -0*c + 4*y + 1547, h = -3*c + y + 4674. Is c a composite number?
False
Let s(z) = -z**3 + 10*z**2 + 17*z - 9. Let p be s(11). Let x = p + -108. Is x/34*(-3836)/6 a prime number?
False
Let u = 29 - 27. Let a = -8 + u. Is (-9)/a*(-762)/(-9) prime?
True
Suppose 2*l + 2*t - 768716 = 0, -499*l - 4*t + 1921787 = -494*l. Is l a prime number?
False
Let r(y) = 16*y**3 + 3*y**2 + 2*y - 10. Let h be r(-3). Let i = 912 + h. Is i a composite number?
False
Let s(r) be the second derivative of -381*r**3/2 - 295*r**2/2 + 2*r + 81. Is s(-6) a prime number?
True
Suppose -18*n - 5*n + 903100 - 40899 = 0. Is n a composite number?
True
Let p = 3394 + 249. Is p prime?
True
Let g(f) = 2*f**3 + f**2 - f + 1. Let q = 38 + -36. Let w be g(q). Is 6439/6 - w/114 a composite number?
True
Suppose b - 3*j = j - 6303, 4*j + 12558 = -2*b. Let a = 14040 + b. Is a prime?
True
Is (-2077905)/20*(-11 + 29/3) a prime number?
False
Suppose -3*a + 4*m = 0, 6*a - 21 = 3*a - 3*m. Let f(i) = 5*i**3 - 3*i**2 + 2 + a*i - 15*i**3 - i**3 + 3. Is f(-3) prime?
True
Let z(l) = -27*l - 7. Let j be z(-1). Let u be (-8)/j*3*(-30)/4. Is (((-312)/u)/(-8))/(3/63) prime?
False
Let b(x) = -355 - 3*x - 3*x + 350 - x**2. Let g be b(-3). Suppose 6079 = 5*u - g*z, 3*z - 4380 = -3*u - 711. Is u a prime number?
False
Suppose 0 = 3*h + h - 2*g - 3782, -2*g + 958 = h. Let z = h + -279. Let r = z - 415. Is r composite?
True
Let y be (3 - (0 + 3))/(-2). Suppose y = 4*z - q - 1138, 0 = 5*z + 4*q - 466 - 967. Suppose 5*h + 3*v - 459 = 1018, h - 2*v = z. Is h a composite number?
False
Let p be -7 + 5 + 4 - -2. Suppose 4*j - p*k = 7952, -2*k + 435 + 7499 = 4*j. Is j a prime number?
False
Is ((-231311)/(-46))/(4/8) a prime number?
False
Suppose 165332 = 4*m + 4*k, m = -2*m + 2*k + 123979. Is m a composite number?
True
Let t = 128970 + -42187. Is t composite?
False
Suppose 4*d - b + 24 = 0, -2*b + 12 = 4. Let v(i) = i**3 + 6*i**2 + 9*i + 16. Let s be v(d). Is (-15)/(-20) + (-4321)/s a prime number?
False
Suppose 0 = 5*h - 60 + 70. Let c be 112 - (h + (-6)/9*-3). Let n = c - 23. Is n a prime number?
True
Let r(l) = l**3 + 7*l**2 - 10*l - 13. Let b be r(-8). Suppose 19 = b*y + 5*p, -y + p = -5*y + 14. Suppose -y*o + 362 = 113. Is o a composite number?
False
Suppose -49425 = -3*p - w, 5*w = -65*p + 69*p - 65938. Is p prime?
True
Let z(d) = 20*d**2 + 33*d**2 - 6 + 0*d + 14 + 0*d**2 - 2*d. Is z(9) a composite number?
False
Let n(f) = 17*f**3 - 4*f**2 + 8*f - 7. Let j be 2 + 0 + 3 + -1. Is n(j) a composite number?
False
Suppose 234*j - 4720598 = -433182 + 10774462. Is j a composite number?
True
Suppose -28*m + 2*m = -130. Suppose -3434 - 3029 = -m*q + 2*w, 2*q + 4*w - 2566 = 0. Is q a composite number?
False
Let w(g) = 327*g - 27. Let s be w(3). Let o = s + -655. Is o a composite number?
True
Suppose r = 5*i + 15513, 37*i - 30996 = -2*r + 32*i. Is r prime?
False
Let h(w) be the third derivative of 242*w**5/15 + w**4/8 + w**3/3 + w**2. Let q be 5/(-45)*-9*-1. Is h(q) composite?
False
Let k = -18795 + 56734. Is k a composite number?
True
Suppose 2*v - 2*s - 1212752 = 0, 1212767 = 2*v - 31*s + 34*s. Is v prime?
True
Let k(u) = u + 79. Let j be k(-44). Suppose j*y - 1348972 = -170837. Is y prime?
False
Let u(m) be the second derivative of -m**6/80 + 49*m**5/120 + 13*m**4/4 - 38*m. Let z(g) be the third derivative of u(g). Is z(-18) prime?
True
Is -1 + 128654 - (30/30 - (4 - -1)) composite?
False
Let s = -457 - -459. Suppose -2*t = s*l - 6*t - 2974, -4*t - 1493 = -l. Is l composite?
False
Let x(r) = -r**2 - r + 2*r**2 + 3*r**3 - 10*r**3 + 7 + 13*r**3. Let u(z) = -z**3 + z**2 - z + 1. Let a(g) = 3*u(g) - x(g). Is a(-5) composite?
False
Let r(z) = 2870*z + 129. Let l(o) = -14351*o - 640. Let s(w) = 2*l(w) + 11*r(w). Is s(15) a prime number?
True
Suppose j + 68 = 4*t, 4*j - 85 = -5*t - j. Let b(i) = -i**2 + 20*i + 2. Let u be b(t). Let x = u - -440. Is x prime?
False
Suppose 6*w + 1690877 = -24*w + 8810537. Is w a prime number?
False
Suppose -6*p + p = -275. Let v = p + -42. Let t(k) = k**3 - k**2 - 3*k - 16. Is t(v) a composite number?
False
Suppose -3*d + 4*m + 5 = 0, 2*m - 29 = -4*d + d. Let b(v) = 16*v + 75. Is b(d) prime?
False
Suppose 6*n = 2*n + 20. Suppose 5*h - 3055 = -n*u, 5*h + 2*u = 7*u + 3085. Suppose 4*t = 582 + h. Is t a composite number?
True
Let k(w) = 614*w - 83. Let n be (-8)/((-280)/375) + 2/7. Is k(n) composite?
True
Let k = 19848 + -11. Is k composite?
True
Let o = -5792 - -10666. Let x be (3 + 11/(-3))/(32/98256). Let b = o + x. Is b a composite number?
True
Let b(j) = 2*j**3 + 15*j**2 - 8*j + 8. Let d be b(-8). Suppose -7*v + d*v - 3592 = m, 10783 = 3*v + 4*m. Is v a prime number?
True
Is -1*(43 + -19 + -425675) a prime number?
False
Let k(r) = 3*r**2 + 97*r - 195. Let l be k(-45). Suppose -b - 3*q + l = -14552, 3*b - 5*q = 48257. Is b composite?
True
Suppose 0 = u + 5*l - 0*l - 56626, -4*u + 226429 = -5*l. Is u a composite number?
False
Suppose v + c + 1866 = -2*v, -v = -2*c + 629. Let g(f) = 9*f**2 - 11*f + 58. Let n be g(-10). Let a = v + n. Is a prime?
False
Let p(w) = 31 + 0*w + 128*w + 161*w + 245*w. Let r(z) = z + 14. Let k be r(-11). Is p(k) prime?
False
Is (-4)/(-46) - (-19 - 257354100/345) prime?
True
Let c = -121310 - -550147. Is c a prime number?
False
Suppose -19*f - 277767 - 53764 = 0. Let i = f - -28280. Is i prime?
True
Is 30914400/928 + 6/87 composite?
True
Suppose 0 = 78*n - 77*n + 7075. Let b = -3494 - n. Is b composite?
False
Let g(d) = -5*d**3 - 28*d**2 - 40*d - 27. Let i be g(-9). Let l(p) = -p**3 + p + 4. Let b be l(0). Suppose 2*k + 4*z = i, -k - b*z + 859 = -0*z. Is k prime?
False
Let y(w) = -w**2 - 12*w - 27. Let r be y(-8). Suppose -6276 = -4*n + 2*v, -5*n + r*v - 1994 = -9839. Is n composite?
True
Let h = 10 - 7. Let b = -81 - -83. Suppose b*u = -h*t + 192, -t - 1 = -3. Is u prime?
False
Let t = 537 - 182. Suppose -4*u + t - 14012 = -y, 68243 = 5*y + u. Is y a prime number?
True
Let h be ((-739710)/25)/(-9) + (-6)/(-15). Let v = h + -2297. Is v a prime number?
True
Let n(a) = -a**3 - 7*a**2 - 6*a - 2. Let d be n(-4). Let j = d + 26. Let m(o) = -o**2 - o + 305. Is m(j) composite?
True
Let h(x) = -18*x + 19. Let n be 4*(-3)/6 - -4. Let q(r) = -90*r + 96. Let m(p) = n*q(p) - 11*h(p). Is m(4) prime?
False
Suppose 4*t - 21 = 3*b + 51, 4*b = -5*t + 59. Let h = -11 + t. Suppose -h*q = 2*q - 1770. Is q a prime number?
False
Suppose 5*m - 34145 = -4*x, 0 = -3*x - 3*m + 8*m + 25600. Suppose x = -28*s + 31*s. Is s a prime number?
False
Let d be (-1912)/(-32) - 1/(-4). Let m be (-5 - 0)*504/d. Is 1/6 - 7805/m - 1 composite?
True
Let o(i) = 20*i**2 + 4*i - 11. Let f be o(15). Suppose 4154 = 2*r + g, 4*r - 2*g = 3759 + f. Is r a prime number?
False
Let d(z) = -1 - 10*z - 10 + 25*z**2 + 0*z**2 - 14. Is d(-8) a prime number?
False
Let i(x) = x**3 - 26*x**2 + 143*x + 8. Let v be i(8). Suppose v*r = -5*r + 49505. Is r a composite number?
False
Suppose -479*b + 5773967 = -460*b. Is b a prime number?
False
Let k(l) = -3*l - 7. Let o be k(-4). Suppose 176 = -4*c - 3*p, -2*c - 3*c = -o*p + 185. Let i = 176 - c. Is i prime?
False
Let i(y) = -y - 17. Let d be i(-21). Suppose -d*h + 698 = u, 3*u = -h + 3*h - 356. Suppose 0 = -173*a + h*a - 4314. Is a prime?
False
Is 9/(-2) + (-218331505)/(-686) compo